4 - (-1 + (5 - 17)).
19
Calculate 93 - (209 + (-41 - 41)).
-34
What is the value of -16 - (23 + -65) - (15 - -2)?
9
Calculate 147 - (-82 + 95 - -100).
34
What is -138 - (-198 + 102 + 23)?
-65
What is -82 - (79 + -129) - -73?
41
-15 + 5 + (4 + -47 + -33 - (10 + -5))
-91
What is (1 - 45) + (660 - 665) - 3?
-52
Calculate 32 + -21 + -4 + (25 - 58).
-26
Evaluate (2 - -27) + (70 - 106).
-7
What is the value of -5 + ((-8 - -12) + 0 - 19) + 18 + -24?
-26
What is the value of -3 - ((80 - 0) + (-82 - -152 - 68))?
-85
(72 - 70) + 9 + -49
-38
22 + 22 + 42 + -16
70
What is the value of 50 + -52 + 139 + -68?
69
Calculate -1 + -29 - -2 - (-9373 - -9351).
-6
Calculate 3 - 24 - 13 - -8.
-26
Calculate (10 + -12 - -13 - 0) + 1 + -54.
-42
-546 + 704 + (15 - 134)
39
What is 33 + (-60 + 4 - -55)?
32
What is (-4 - -6) + -75 - (94 + -44 + -37)?
-86
Calculate -4 + (-3 - 1) + (80 - 80) - (2 + -26).
16
-41 + (73 - 103) + 92
21
Calculate (18 - 4 - 13) + 3 + 10 + -11.
3
What is the value of 15 + -1 + 0 - (-277 - -195 - -82)?
14
Evaluate 2 - -5 - (-325 - -349) - -74.
57
What is 50 + 17 + (-90 - -81)?
58
What is 12 + (-22 - -22) + 9 + -28?
-7
40 - (-19 + 7 + (-58 - 2))
112
What is (18 + -45 - -38) + 2 + -33 + 9 - 3?
-14
Evaluate (-15 + 96 - 53) + 12.
40
What is -10 + -34 - (-33 + 25 - (1 + 3))?
-32
(0 - (-16 + 16)) + (2 - 6) + 10 + 84
90
What is -1740 + 1770 - (39 + 0)?
-9
-24 - (-128 - -187) - -75
-8
-103 + 8 - (-1 - (-5 - (-22 - (-8 + -1))))
-86
What is -1169 + 1148 - (-3 + -61 + 0)?
43
What is the value of -33 + (14 - (14 - 0) - -13) - 11?
-31
Calculate -85 - (-6 - 71) - (81 + -3 + 1 + -1).
-86
81 + (-104 - -71) + 19
67
Calculate 36 - (-73 + 11 + 30).
68
What is (9 - 73) + (2 - -7 - (-15 + 39))?
-79
Calculate -95 - (-112 - 75) - 0.
92
Calculate -13 - (10 - (5 + -31 + 18)).
-31
What is (45174 - 45159) + -2 + 0 + -33?
-20
Evaluate (0 - 1) + 7 - (21 + (16 - 60) + 25).
4
36 - (159 - 51) - -49
-23
What is the value of (133 - 119) + 63 + -13 + (0 - -1)?
65
What is -34 - (37 + -101 + -59)?
89
-110 + 44 + 165 - 20
79
What is -13 + -26 + 24 - -11 - (0 + 3 + -2)?
-5
What is the value of (-56 - 70) + 22 - -53?
-51
(-83 - -109) + 7 + -65 + 21
-11
Calculate 19 + (41 - 18 - 13 - 14).
15
Evaluate (173 - 164) + ((10 - 5) + -2 - 49).
-37
Evaluate -25 - -56 - 18 - -9.
22
What is the value of -974 + 1051 - (40 + (10 - 8))?
35
Calculate 1 + 0 - (46 + (17 - (27 + -9)) - 8).
-36
0 - 42 - (-43 + -38 - -66)
-27
Evaluate -3 + 4 - (-41 - (7 - (110 - 30))).
-31
What is the value of (-10 - (-1 - 15)) + 10 + 13?
29
(2 - 1 - -3) + 25 + -13 + 25
41
Calculate 17 + (2 - (-16 + 35)) + -47 - 1.
-48
Calculate 38 + -14 + -837 + 817.
4
What is (1 - 1) + (422 - 458) + -1 + 31 + 152?
146
Calculate -7 - -16 - (-155 + 160).
4
What is the value of 442 + -450 + (-2 - -68)?
58
Evaluate 202 + -114 + -67 - (37 + -1).
-15
What is -28 + 3 + 12 + 0 - (-53 + 7)?
33
What is -129 - -170 - (3 + 4)?
34
Evaluate -8 - (-1 - (3 - -10) - (50 - 72)).
-16
Calculate 105 + (33 - (-52 - -43 - -80)).
67
What is -7 + 10 + -99 + -27 + 63?
-60
What is the value of -53 + -12 + 8 - ((8 - -2) + -8 + 0)?
-59
Evaluate -14 - (38 + (-73 - -43)).
-22
(-61 - -12) + 257 + -272
-64
What is the value of -60 + (96 - (100 - 127))?
63
Evaluate 11 + (-36 - -22) - 35.
-38
What is the value of 33 - (-65 - -144) - -45?
-1
Calculate (85 + -2 - 39 - (-5 + 1)) + 0 + -10.
38
-16 - (-19 + -7 + (9 - -2)) - (-1 - 8)
8
What is 6 + 26 + (18 - 30) + 2?
22
(2 - (-2 - 6)) + -21 + 4
-7
Evaluate 275 + -137 - 137 - (-1 - 8 - 1).
11
Evaluate -151 - ((19 + -27 - (-14 + 12 + 6)) + 12).
-151
What is the value of (-29 - (42 + -128)) + -16?
41
What is -255 + 246 - (3 + 1 - -1 - 79)?
65
What is the value of -14 + (8 - (-1 - 5)) + -9 + 61?
52
What is (-1 - -11) + (-18 - (55 + -113)) + -158?
-108
0 - (-7 + 23 + (-17 - -10)) - -17
8
(38 - (-16 - -19)) + -18 + 25
42
-30 + 2 + 0 + -4050 + 4133
55
0 - (0 - -21 - (10 - -1)) - (3 - 2)
-11
What is (-4 - 3) + -29 + 34 + 73 - -18?
89
Calculate -20 + 30 + -9 + (-37 - (10 - 8 - -3)).
-41
Evaluate (42 - 25) + -12 - (-54 - (-1 + 3)).
61
Evaluate (-2 - ((259 - 254) + (9 - (1 - -1)))) + -7.
-21
What is the value of (-8 - (-18 + (-5 - -8))) + -45 + 59 + 3?
24
What is (-69 - 11) + 43 - -30?
-7
What is the value of -35 + 48 - (8 + (-4 + 7 - 0)) - 70?
-68
Calculate (-12 - (31 + -59)) + -51.
-35
Evaluate -149 + 56 - (23 + -101).
-15
What is the value of 181 + -156 + 5 + -16 + -22?
-8
What is the value of 7 + -6 + -3 + 2 - (58 + -100)?
42
Calculate 19 + -8 - 1 - (0 - (13 + -4)).
19
What is 57 + (21 - 21) + -17 + 17 - 11?
46
72 - (4 - 3 - -2) - (-46 + 45)
70
What is -11 + -15 + -110 + 85?
-51
Evaluate -64 - (-1 + -13 + (-4 - -13) - 5).
-54
465 + -436 - (-48 + 13)
64
What is the value of (-17 - (1 + -3)) + 50 + -55 - (-3 + 2)?
-19
Calculate 1286 - 1207 - (2 + -1 + 26).
52
Evaluate (1 - (-39 - -32)) + (-3 - (14 - 0)).
-9
-27 + -1 - (-11523 + 11494)
1
Evaluate 1259 + -1192 + 2 + -70.
-1
What is (-84 - -101) + (-5 - 22) + 14?
4
119 - (141 - (48 + -123))
-97
What is the value of 37 - (52 + -19) - -40?
44
Evaluate 31 + -19 - 29 - (-2 - -14).
-29
(61 - (9 + -4) - (-41 - -49)) + -9
39
Evaluate 11 + 98 + (-129 - -75).
55
What is the value of (-13 - (1 - 0)) + -4931 + 4957?
12
What is 20 - ((-32 - -9) + 78 + -6)?
-29
What is (46 - 46) + (-14 - -11) + 12?
9
Calculate (13 - 5 - 12) + 13 + -3 - -22.
28
What is 13 + 4 + -84 + (-19 - (-4 + -17))?
-65
What is the value of 78 - 10 - 33 - (101 + -69)?
3
What is 1748 + -1728 + (22 - (0 + 3 - 4))?
43
(-7 - -1) + 56 + -40 - -4
14
Calculate 824 + -780 + 6 + -48.
2
What is the value of 79 + (26 - (22 + 9))?
74
What is the value of 55 - -42 - (32 - -38)?
27
Calculate (-7 - -1) + (24 - 16 - 13) + 15.
4
What is -89 - (-95 - -16 - (-30 - 10))?
-50
Evaluate (292 - 331) + 6 + 102.
69
Evaluate (-13 - (33 + -19 - (-4 - 1))) + 2 + 0.
-30
Calculate 6 + (-15 + (54 - (31 - 18)) - 18).
14
(-21 - 0) + (-15 - 24) + 55 + (-50 - -1)
-54
Calculate -5 + -15 - 13 - (-19 + 2).
-16
Calculate 50 + 70 + 34 + -79.
75
What is the value of (-1 - -54) + 44 + -90?
7
Evaluate (41 - -65 - 90) + 12.
28
What is the value of 5 + (-1 - (-13 - (-11 + -7)) - 3)?
-4
What is 1 + -47 + (6 - -37) + -21?
-24
What is -26 - (5 + -1 + 0 - (-5 - (-4 - 0)))?
-31
What is the value of -142 + 97 - (-5 - 73)?
33
Calculate -22 - ((0 - -7 - (260 - 246)) + -3).
-12
Evaluate -71 + -168 + 136 + 206.
103
Evaluate 1 + (2 - 10) - (-40 + (48 - 20) - -37).
-32
Calculate (-7 - -31) + 19 + -8 + 10 + -2.
43
Evaluate (163 - -2) + -1590 + 1503.
78
What is (190 - (-117 - -406)) + 10 + 0?
-89
Calculate (-64 - (1 + (-12 - 27))) + (11 - -1) - -29.
15
What is (-35 - 69) + -20 - -65?
-59
What is (6 + -7 - 31) + 16 - (1 - 10)?
-7
Evaluate (-84 - (-111 - -12)) + -5 + (5 - 93).
-78
(0 - 10) + -8 + -6 - (70 + -72)
-22
What is -28 + -10 + (15 + -9 - -16) - 34?
-50
96 + 0 + (-117 - -95 - 7)
67
Evaluate (-1 - (-45 + -7)) + -56.
-5
Evaluate -163 + (88 - (179 - 145)).
-109
-3375 + 3366 - (10 + -2)
-17
What is the value of 24 + -22 + 3 + 11 + 25?
41
What is -15 + 14 + (-5 - 1) - (41 + -21 - -41)?
-68
(5 - (2 - (4 + -5)) - 3) + -118 + 160
41
Evaluate (994 - 1004) + (4 - -64).
58
Evaluate (38 - 1) + -2 + 34 + -3 + -24.
42
Evaluate 59 - (216 - 15) - -215.
73
Calculate 31 - 16 - (161 - 166).
20
Evaluate -13 + 9 + (-12 - (5 - 33 - -13)) - -114.
113
Calculate 110 - 95 - 133 - -103.
-15
Evaluate -4 + (-15 + (11 - 3) - -6) + 7.
2
What is (-223 - (-2 - 220)) + (26 - (0 + -1)) + -13?
13
What is the value of -4 - (10 + (-7 - (12 - 4)) + 0) - -17?
18
Evaluate (-21 - 115) + 152 - (3 - -7 - 0).
6
What is the value of 1 + 31 - ((16 - 4) + -17 + -8)?
45
What is the value of 16656 + -16550 - (-1 + 151)?
-44
Calculate 5 + (-6 - 3) + (-11 - -16) + 6.
7
Calculate 3403 + -3361 + (-1 - 26).
15
What is 0 + (27 - 17) + -3 + -19?
-12
Calculate 9 - -20 - (-13 - (-2 + -1 - -7)).
46
Evaluate -1 - -91 - (-9231 - -9220).
101
Evaluate -84 - (11 + (2 + 14 + (-89 - -80) - 11)).
-91
Calculate 0 + -22 + -2750 + 2712.
-60
What is the value of (-1 - -16) + (14 - -3) + -7?
25
What is the value of (591 - 638) + -37 + 13?
-71
What is -101 + 43 + 50 + (1 - 0) + (1 - 32)?
-38
What is the value of (-17 - -24 - 0) + 29 + -1 - 8?
27
What is the value of (52 - -43) + -142 - (0 - -6)?
-53
9 - (-14 - (-14 + (-1 - 0))) - -49
57
(-77 - -78 - ((1 - 